- 10011000010?
-110000111010
In base 2, what is 100111100010011001111010 + 10?
100111100010011001111100
In base 10, what is -3 - 253352836?
-253352839
In base 8, what is -12 + -1253665?
-1253677
In base 4, what is 10 + 131030202031?
131030202101
In base 8, what is 40 + 32265570?
32265630
In base 10, what is 25 + -561834?
-561809
In base 10, what is 1496 + -31156?
-29660
In base 10, what is 3 - 1802549?
-1802546
In base 11, what is -1057976 + 1a?
-1057957
In base 14, what is 10b5228 + -2?
10b5226
In base 5, what is 12133334121 - 3?
12133334113
In base 7, what is -30642 + -1336?
-32311
In base 10, what is 830516 + 6?
830522
In base 7, what is -13 + -10000025?
-10000041
In base 13, what is 6 + -44ac6?
-44ac0
In base 9, what is 134 - -73148?
73283
In base 7, what is 5 + 36214231?
36214236
In base 5, what is 1 + -2420241422?
-2420241421
In base 10, what is -2 - -17109120?
17109118
In base 10, what is -391 - 15118?
-15509
In base 5, what is -240342 + -121333?
-412230
In base 7, what is -4361 - 21163?
-25554
In base 6, what is -2 - 14453445514?
-14453445520
In base 10, what is -10954 + 205?
-10749
In base 6, what is 11 - -10255020525?
10255020540
In base 9, what is -4227 - -75122?
70784
In base 16, what is 90a - -1eb?
af5
In base 11, what is 447600 - -6?
447606
In base 4, what is -20121 + 11020233?
11000112
In base 10, what is 275162 + -45?
275117
In base 2, what is 1111 - -110000101011101101?
110000101011111100
In base 3, what is 1112110 + -2021010222?
-2012121112
In base 13, what is 14cb42 + 1b?
14cb60
In base 3, what is 100220102021 + -1021202?
100212010112
In base 16, what is 1cfd - -2b6?
1fb3
In base 11, what is aa13 + 1a04?
11917
In base 16, what is -45f82c5 - -5?
-45f82c0
In base 9, what is 53100834 - -5?
53100840
In base 4, what is 233 - -113312021?
113312320
In base 10, what is -1 - -1835870?
1835869
In base 8, what is -100007 - 2?
-100011
In base 3, what is 12 - 21102100000020110?
-21102100000020021
In base 11, what is -65 + -3a052?
-3a107
In base 7, what is -2 + 336210030?
336210025
In base 11, what is -22a4a2 + 263?
-22a23a
In base 7, what is -43 - -4401200?
4401124
In base 5, what is -4 - 33314240030?
-33314240034
In base 2, what is 110100011111 + 10000010011101?
10110110111100
In base 12, what is 49347 - -1711?
4aa58
In base 16, what is 27f4b0d + 7?
27f4b14
In base 10, what is -5 + -16523238?
-16523243
In base 15, what is -12909539 + 4?
-12909535
In base 13, what is -494 + -163?
-627
In base 3, what is 101 + 10211020011211?
10211020012012
In base 11, what is -8 - 18a82a7?
-18a8304
In base 10, what is -207 + -116953?
-117160
In base 16, what is -b - -835de?
835d3
In base 14, what is 135 + -1a388?
-1a253
In base 16, what is -195 + 12b96?
12a01
In base 4, what is 10312221 - 12203233?
-1231012
In base 9, what is -3 - -6286081?
6286077
In base 7, what is -1035 + -664003?
-665041
In base 12, what is -8a40b - 700?
-8ab0b
In base 4, what is -300 + -110330201?
-110331101
In base 5, what is 44 - -13021333?
13021432
In base 6, what is -504 + -134422535?
-134423443
In base 4, what is 12311332023 + 1?
12311332030
In base 3, what is -1221110122202000 + 10?
-1221110122201220
In base 7, what is 16200 + 6054?
25254
In base 13, what is -244 + 130cc?
12b88
In base 6, what is 52521 + 22323?
115244
In base 16, what is -46d8 + 317?
-43c1
In base 12, what is b2 - bb35?
-ba43
In base 13, what is 221c6074 - 0?
221c6074
In base 2, what is 111110 + 110001110011100111010?
110001110011101111000
In base 3, what is -210202102101 + 2012?
-210202100012
In base 2, what is 111100101 - -101111011011110?
110000011000011
In base 13, what is -50 + 3a80?
3a30
In base 11, what is 36 + -54729?
-546a3
In base 11, what is -326353a + -8?
-3263547
In base 9, what is -3114502 + 36?
-3114455
In base 2, what is 10110001101100010110011010 - -101?
10110001101100010110011111
In base 6, what is 2152 - 114424?
-112232
In base 14, what is -3a509c + -6?
-3a50a4
In base 9, what is 15 + -1070863?
-1070847
In base 10, what is 5 - 266598783?
-266598778
In base 8, what is 10312 - -13105?
23417
In base 14, what is 13 + 182c41?
182c54
In base 5, what is 2 - 3041130304?
-3041130302
In base 9, what is -2065 + 116578?
114513
In base 2, what is 1010010100001110100 - 10011111?
1010010011111010101
In base 10, what is 28530 + -171?
28359
In base 3, what is -10 + -11222022001222021?
-11222022001222101
In base 7, what is 44111 - -6013?
53124
In base 4, what is 1 + 1033303132333?
1033303133000
In base 8, what is -2566 - -2025155?
2022367
In base 15, what is 6882 - ea9b?
-8219
In base 16, what is ba1ab9 + 5?
ba1abe
In base 7, what is 0 + -262213261?
-262213261
In base 16, what is 77a - -b5f?
12d9
In base 12, what is -69 - -8074b?
806a2
In base 13, what is -13 - -35a6bc?
35a6a9
In base 14, what is -28cda71 - 5?
-28cda76
In base 3, what is 110020202202002 + -12?
110020202201220
In base 10, what is -76375 - 30?
-76405
In base 11, what is -48 + -656849?
-656896
In base 10, what is -463 - -119057?
118594
In base 4, what is -13232220203 + 2?
-13232220201
In base 4, what is -2100003 + 2132310?
32301
In base 5, what is 3410224 + 13331?
3424110
In base 12, what is 12402294 + 6?
1240229a
In base 11, what is 8 - 93899?
-93891
In base 8, what is 22237 - 30624?
-6365
In base 9, what is -2701714 - 378?
-2702203
In base 4, what is 21321312 - 1101?
21320211
In base 7, what is 335631105 + 1?
335631106
In base 11, what is -28079 + 179?
-27a00
In base 10, what is 1419246 + -3?
1419243
In base 9, what is -732412 + -138?
-732551
In base 12, what is bb + 674502?
674601
In base 2, what is -1111 + 10101010010010001011011?
10101010010010001001100
In base 11, what is -127933 - -665?
-127279
In base 7, what is -534 - -136162?
135325
In base 9, what is -152523 + 3454?
-148058
In base 11, what is -5aa590 + 107?
-5aa484
In base 2, what is -110 + -100001000000011001000?
-100001000000011001110
In base 13, what is -a672339 - 3?
-a67233c
In base 4, what is 123 + 3310000300?
3310001023
In base 11, what is 8 + 499587?
499594
In base 11, what is -1107 + 17a?
-a38
In base 6, what is 200 + 13403351?
13403551
In base 8, what is -173 + -316116?
-316311
In base 3, what is 1 + 11220100010211001?
11220100010211002
In base 14, what is -a372 - -a693?
321
In base 14, what is 6275 - 1abb?
4598
In base 12, what is -8 - -1462514a?
14625142
In base 10, what is 25 - -4559418?
4559443
In base 8, what is -1564666 + 76?
-1564570
In base 14, what is -b38 - -878?
-2a0
In base 12, what is 2b5 + 7877?
7b70
In base 14, what is -4 + 3a9712?
3a970c
In base 12, what is -5395246 - -1?
-5395245
In base 3, what is -221 + -1111112020100?
-1111112021021
In base 11, what is -10864367 - -16?
-10864351
In base 11, what is -93646 - 4a4?
-9403a
In base 10, what is 16007 + -3929?
12078
In base 13, what is -1609ab1 + -20?
-1609b01
In base 6, what is -330053 - -23124?
-302525
In base 2, what is 111111110011 - 100101101101?
11010000110
In base 13, what is b3cb6 - 29?
b3c8a
In base 3, what is -1000011220001002 + 2010?
-1000011212221222
In base 10, what is -51056995 - 2?
-51056997
In base 2, what is -110010100010101010001000 - -10100?
-110010100010101001110100
In base 11, what is 233797 + 325?
234011
In base 3, what is 2112201 - 11101011?
-1211110
In base 13, what is -359 + -4610?
-4969
In base 6, what is -33 + -322534245?
-322534322
In base 9, what is 0 + 57585500?
57585500
In base 5, what is -33310012104 - 1?
-33310012110
In base 9, what is 0 + 37184774?
37184774
In base 6, what is -1300542 + -5311?
-1310253
In base 11, what is 111 + 309307?
309418
In base 10, what is -74 + -16809107?
-16809181
In base 4, what is -23122003 + 201133?
-22320210
In base 11, what is -432 + -10827?
-11159
In base 15, what is -79 + -7a1529?
-7a15a3
In base 6, what is 20052414122 - -4?
20052414130
In base 7, what is -11256 - 4033?
-15322
In base 12, what is -b2046b + 4?
-b20467
In base 2, what is 0 - 1100110000101010101101111?
-1100110000101010101101111
In base 9, what is -33356248 + 5?
-33356243
In base 14, what is -18670 - -aa1?
-179ad
In base 14, what is 178c03a - 4?
178c036
In base 3, what is 20022121100102 - 1000?
20022121022102
In base 7, what is 20454 - 242?
20212
In base 14, what is -3315 - -10bb?
-2238
In base 4, what is -312212300 - 211?
-312213111
In base 10, what is -1251655268 + 0?
-1251655